21 (base 6) to base 12.
93011
11411221 (base 6) to base 7
3024334
What is 10010101110010000 (base 2) in base 3?
10220012022
What is 1422342 (base 6) in base 5?
10042133
311132111 (base 4) to base 13
78905
What is -1733327 (base 10) in base 13?
-488c4b
Convert 4555275 (base 9) to base 11.
1429553
What is -211001112002 (base 3) in base 14?
-b42d9
-5365240 (base 8) to base 16
-15eaa0
What is 222031411 (base 5) in base 15?
1429db
50587 (base 9) to base 4
20020021
What is -508848 (base 9) in base 15?
-5e62e
Convert -2993fc (base 16) to base 6.
-134223032
Convert 130112012031 (base 4) to base 12.
25a40b9
Convert 2121240 (base 7) to base 3.
111002001110
1271211 (base 8) to base 11
224247
157985d (base 14) to base 11
5a31295
-405472 (base 11) to base 15
-cd032
Convert 200020201201 (base 3) to base 9.
606651
What is 20021221200 (base 3) in base 4?
132033312
Convert 4006430 (base 7) to base 10.
472871
-3031012321 (base 4) to base 3
-1120200102121
What is -171748 (base 9) in base 10?
-106316
Convert -a5c011 (base 13) to base 9.
-7266228
Convert 2753661 (base 9) to base 7.
15564313
Convert -6e55f (base 16) to base 9.
-757840
-5242055 (base 6) to base 11
-164219
What is 552021 (base 6) in base 5?
2431210
-4b7037 (base 13) to base 4
-12323003300
-ed1b6d (base 15) to base 9
-23225244
7c8b77 (base 15) to base 8
26552310
Convert 1000111101000001101 (base 2) to base 12.
121951
Convert 13033113101 (base 4) to base 9.
3512428
-13b4172 (base 13) to base 6
-342131325
Convert 115013 (base 9) to base 14.
1b359
-101010110011011001101 (base 2) to base 4
-11112123031
-ba369 (base 13) to base 10
-336735
447342 (base 8) to base 14
3d1aa
What is -1076300 (base 12) in base 7?
-35464110
What is 23426603 (base 7) in base 9?
3811508
What is -31046222 (base 9) in base 10?
-14911148
83214 (base 11) to base 8
355042
What is -212444304 (base 6) in base 10?
-3769744
Convert -22709b (base 12) to base 14.
-104d03
-52320535 (base 6) to base 3
-2212011211112
Convert -11223223123 (base 4) to base 6.
-51532231
What is -836082 (base 10) in base 13?
-233730
Convert -1020212311 (base 4) to base 15.
-5d1b7
-d75c1 (base 15) to base 13
-1abb9a
-43223010 (base 5) to base 4
-1121222113
Convert 100426630 (base 7) to base 11.
3329098
What is -101211212010 (base 4) in base 8?
-21454604
c0a0 (base 15) to base 9
61676
What is 53003320 (base 6) in base 13?
41c1b7
What is 995a1 (base 14) in base 10?
371561
What is -107881 (base 9) in base 11?
-44816
What is -1a003d (base 15) in base 16?
-135013
Convert 1001011110011110011010 (base 2) to base 4.
21132132122
Convert -21424205 (base 6) to base 10.
-641165
666837 (base 10) to base 7
5445063
1a208 (base 14) to base 12
32414
-246635 (base 7) to base 9
-68482
Convert -100020122000 (base 3) to base 13.
-64aa6
-206224 (base 7) to base 14
-d084
Convert 122303331 (base 4) to base 10.
109821
Convert 17266601 (base 9) to base 3.
121022020200001
21a93 (base 14) to base 15
192e5
What is 63665 (base 9) in base 16?
a472
Convert 3f3e0a (base 16) to base 6.
224500110
Convert 13444276 (base 8) to base 2.
1011100100100010111110
What is 5709a (base 11) in base 7?
462623
What is -12a8b3 (base 12) in base 5?
-34340441
-10011140 (base 5) to base 13
-29bca
-6625512 (base 8) to base 7
-21064056
Convert -21703 (base 12) to base 7.
-242616
Convert 3506461 (base 8) to base 13.
2750b8
Convert 1124244034 (base 5) to base 9.
4748721
What is 175a57 (base 13) in base 7?
4651346
-12010120001 (base 3) to base 16
-18a90
36b18a (base 13) to base 8
4775777
What is 24422064 (base 7) in base 2?
1000010110110001101100
Convert 47279 (base 14) to base 6.
3414351
88fd (base 16) to base 12
18365
What is 10110101101111011 (base 2) in base 11?
63a02
Convert -1598127 (base 10) to base 13.
-43c54b
What is 2121051 (base 6) in base 11?
7109a
What is -362649 (base 13) in base 16?
-13b1da
-37587403 (base 9) to base 14
-2637885
What is 46b4a (base 12) in base 15?
1d204
What is -aac9bb (base 13) in base 12?
-1422243
What is -7261752 (base 8) in base 4?
-13112033222
-3531b (base 12) to base 3
-10121210212
-137b555 (base 12) to base 7
-45061520
24332420 (base 5) to base 15
483c5
What is 538274 (base 10) in base 13?
15b009
Convert 91a45 (base 11) to base 12.
65907
Convert -28638 (base 9) to base 4.
-10300103
-437433 (base 10) to base 15
-89923
-10001101000011001 (base 2) to base 9
-120051
-465199 (base 11) to base 4
-2310121312
Convert -1040400044 (base 5) to base 15.
-300019
21011102001 (base 3) to base 5
14002440
What is -104d4 (base 14) in base 8?
-114732
What is -6b558 (base 14) in base 6?
-5335430
27740 (base 10) to base 3
1102001102
What is 100100000011011010 (base 2) in base 4?
210003122
Convert 224133223 (base 5) to base 2.
11110101011101111110
Convert 1181709 (base 10) to base 14.
22a91b
Convert -10221012121122 (base 3) to base 9.
-3835548
1433000033 (base 5) to base 9
7126320
Convert 729a4 (base 12) to base 8.
445014
What is 4a55a (base 14) in base 2?
101100011110010100
Convert -133402400 (base 5) to base 10.
-684725
Convert -5686500 (base 10) to base 9.
-11626363
What is -1a9a22 (base 14) in base 10?
-948670
-5a2ae5 (base 15) to base 10
-4312340
What is 2080a3b (base 13) in base 12?
338799a
-1314431201 (base 5) to base 15
-44bd86
1e90 (base 16) to base 11
5973
Convert -17aca5 (base 13) to base 12.
-248649
10100111001100111011010 (base 2) to base 16
5399da
edc0 (base 16) to base 10
60864
What is 8258627 (base 10) in base 3?
120112120201002
What is -7010a7 (base 11) in base 3?
-2010100102121
Convert 284565 (base 15) to base 10.
1938470
-1201210010002 (base 3) to base 4
-3200303222
Convert c6325 (base 13) to base 12.
152344
-1150036 (base 11) to base 5
-1003141411
What is -8473773 (base 9) in base 4?
-101103202113
What is -1000000100110110 (base 2) in base 7?
-165303
-23321312023 (base 4) to base 6
-150514511
-5165474 (base 8) to base 3
-2120122120120
122003032122 (base 4) to base 16
68339a
What is 62bdc8 (base 15) in base 12?
16a6722
415b9 (base 12) to base 11
59298
-3749948 (base 10) to base 14
-6d8856
-110021212210012 (base 3) to base 15
-8907e2
Convert 755121 (base 8) to base 13.
8ac0b
What is -210112000033 (base 4) in base 2?
-100100010110000000001111
-101101101000100100 (base 2) to base 15
-3a5b1
-558208 (base 13) to base 12
-813434
What is -232713 (base 11) in base 3?
-200202220222
Convert 1001110001101010011 (base 2) to base 5.
40222324
-300303033 (base 4) to base 3
-101011012020
Convert 223084 (base 11) to base 3.
200001121112
Convert 153025221 (base 6) to base 2.
1100010010110111101101
What is -23430301 (base 5) in base 8?
-650750
What is -121e6d (base 16) in base 2?
-100100001111001101101
What is -4861577 (base 9) in base 13?
-71509c
-2c524 (base 16) to base 2
-101100010100100100
Convert 11321300333 (base 4) to base 6.
53055315
What is -53003614 (base 7) in base 14?
-845a44
Convert 4a1862 (base 11) to base 9.
1437680
Convert -1245324 (base 7) to base 14.
-4344b
What is -357597 (base 12) in base 9?
-1554857
What is -19794 (base 15) in base 4?
-110030122
What is 15131524 (base 6) in base 10?
525292
-101000000111101 (base 2) to base 15
-6146
22020101200101 (base 3) to base 15
5b7027
-584570 (base 9) to base 14
-91d5b
-5f3bfd (base 16) to base 12
-210ba25
Convert -1627c0 (base 14) to base 5.
-144302343
Convert -28b9 (base 15) to base 6.
-104220
Convert 18133 (base 15) to base 14.
20562
Convert 12121002222 (base 3) to base 12.
538bb
-885627 (base 16) to base 2
-100010000101011000100111
What is -8849 (base 12) in base 14?
-569b
-736515 (base 12) to base 16
-1bb261
Convert -1200211120121 (base 3) to base 16.
-dc432
What is 146b28 (base 15) in base 13?
286235
712787 (base 9) to base 14
adb16
225a4 (base 11) to base 15
9a28
Convert 10110143 (base 5) to base 16.
14003
Convert -10011100110101000 (base 2) to base 15.
-18bd1
-111010112 (base 3) to base 9
-14115
-2980480 (base 10) to base 15
-3dd18a
What is -1234154 (base 7) in base 14?
-423d4
What is -20201102102211 (base 3) in base 7?
-42231652
-21565630 (base 9) to base 3
-201122012201000
11001011100001111011011 (base 2) to base 14
c586cb
-494156a (base 12) to base 10
-14268898
Convert 86143 (base 14) to base 13.
b4659
What is 3442302 (base 6) in base 7?
1334306
What is -174d83 (base 14) in base 11?
-5103a6
1c458 (base 15) to base 10
92108
b568 (ba